 Suppose 5*g = 2*s - 344, -4*g = -4*s + 192 + 88. Let t = g + y. What are the prime factors of t?
5, 11
Suppose -5*q - w + 69 = 0, 4*q + 2*w - 72 = -3*w. Suppose -3*r - q = -3*g + 2*r, -5*r = 2*g - 17. Let h(m) = -m**2 + 12*m - 9. List the prime factors of h(g).
3
Let l = 7992 - 3912. List the prime factors of l.
2, 3, 5, 17
Let n = 933 - 484. List the prime factors of n.
449
Let h(b) = 26*b**2 + b + 7. Let c be h(5). Suppose -862 = 3*p + c. List the prime factors of p/(-20) + (-2)/5.
5
List the prime factors of 2052 - (-8 - (1 + -7 - -2)).
2, 257
Let q(z) = 5*z**2 + 19*z - 56. List the prime factors of q(3).
2, 23
Let n be 7/21*0/(-2)*1. Suppose n = 5*f - 9*f + 328. List the prime factors of f.
2, 41
Let r be 1066/(-65) - 6/10. Let b be r*2/(8/(-12)). Suppose -3*j + b = -24. List the prime factors of j.
5
Let o be -10*(9/6 - 3). Let n = -13 - o. List the prime factors of (-525)/n + (-6)/8.
2, 3
Let k(b) = 2*b**2 - b - 2. Let u(l) = -2*l + 12. Let o be u(5). Let w be k(o). Suppose x - w*q - 15 = 0, 6*q - 5 = 5*q. List the prime factors of x.
5, 7
Let p(k) = 76*k**2 - k + 2. Suppose 10*w - 4*w = 6. What are the prime factors of p(w)?
7, 11
Let o(m) = -m**2 - 14*m + 1. Let y be o(-12). Let k = y - -11. Suppose -2*b + 4*u = -k, 4*u = 3*b - u - 54. List the prime factors of b.
2, 3
Let y = 8 - 6. Suppose -3*d = 4*a - 178, -5*d + y*a + a = -316. What are the prime factors of d?
2, 31
Suppose 52*x - 11746 = 38*x. List the prime factors of x.
839
Suppose 516 = -0*n + 2*n. Suppose -18*o + n = -15*o. List the prime factors of o.
2, 43
Suppose 7 = 5*c + 17, -5*s + 21 = 2*c. Suppose 22 = 4*v - 2*x, v - 10 = -2*v - s*x. Suppose -m + 46 + v = 0. What are the prime factors of m?
3, 17
Let g(m) = m**3 - 3*m - 2. Let j be g(-2). Let n = -494 + 486. What are the prime factors of (-418)/n + 1/j?
2, 13
Suppose -8*p - 140 + 500 = 0. List the prime factors of p.
3, 5
Suppose -o + 385 = 2*x, 2*o - 738 = -33*x + 37*x. List the prime factors of o.
13, 29
Let b(m) = 4*m - 2 + 2 + 2 + 78*m**2 + 3*m**2. List the prime factors of b(-1).
79
Suppose -3844 = 92*z - 21048. List the prime factors of z.
11, 17
Suppose 3*d - 2*d - 10 = 0. Suppose -9*g - 35 = -d*g. List the prime factors of g.
5, 7
Let i(n) = 25*n + 75. List the prime factors of i(12).
3, 5
What are the prime factors of (-11)/(11/(-60))*5?
2, 3, 5
Let u(f) = 4*f + 17. Let p be u(-3). Suppose 0*j - 680 = -p*j. What are the prime factors of j?
2, 17
Let n(x) = 2*x**2 - 9*x - 9. Let m(g) = -g**2. Let f(w) = -4*m(w) - n(w). Let h be f(-7). Suppose 5*p - 76 = h. List the prime factors of p.
2, 3
Let g(t) be the first derivative of t**5/15 - t**4/24 - 5*t**3/3 + 3. Let a(b) be the third derivative of g(b). What are the prime factors of a(1)?
7
Let m(o) = -9*o**3 - 20*o**2 - 23*o - 208. List the prime factors of m(-9).
2, 5, 13, 19
Suppose 3*y + 162 = -0*y - 5*u, -3*u = -2*y - 89. Let c be (-6)/(-21) + 406/y. List the prime factors of c/(32/(-21))*4.
3, 7
Let u = 29 + -25. Suppose -4*z - 3 = 2*j - 1, -4*j + 4*z = -32. Suppose 5*w - u*q - 58 - 172 = 0, 5*q - 185 = -j*w. List the prime factors of w.
2, 3, 7
Suppose 39*c + 111 = 10290. What are the prime factors of c?
3, 29
Let z = 27 + -12. Let t = -38 + 106. Let s = t - z. What are the prime factors of s?
53
Let w = -329 + 1098. List the prime factors of w.
769
Let u(d) = 3*d**2 + 3. List the prime factors of u(-19).
2, 3, 181
Let b = -40 - -29. Suppose -4*p = -13*p + 45. What are the prime factors of 2/(-1) + p - b?
2, 7
Let y(h) = 18*h + 376. What are the prime factors of y(0)?
2, 47
Suppose -42*s = -48663 - 36345. List the prime factors of s.
2, 11, 23
What are the prime factors of 13/65*-15 - -78*2?
3, 17
Let n = 21 + -19. Suppose -2*q - n*q + 152 = 0. List the prime factors of q.
2, 19
Suppose 0 = 4*k - 2*k - 3*g - 4, 0 = -5*k - 2*g + 10. Suppose -2*a - 6*j + 132 = -k*j, 4*j - 284 = -4*a. List the prime factors of a.
2, 19
Let q = 1928 + -554. What are the prime factors of q?
2, 3, 229
Let q be ((-2)/3)/((-16)/(-24)). Let o be 1 + q*(3 + -4). Suppose o*n = 4*a + n - 47, 3*n = 3. List the prime factors of a.
2, 3
Suppose 0 = k - 4*w - 333, -581 = -5*k + 5*w + 1039. List the prime factors of k.
3, 107
Let w(q) be the first derivative of 10*q**3/3 - 3*q**2/2 - 2*q + 43. What are the prime factors of w(2)?
2
Let r = -20 - -20. Let l(i) = -i**2 - 2*i - 36. Let n be l(r). List the prime factors of (-3 - -1)/(4/n).
2, 3
Suppose 0 = 4*n - 3*n + 233. Let t = 344 + n. What are the prime factors of t?
3, 37
Let b(s) = -s**2 + 10*s + 5. Let a be b(10). Suppose -5*i - a*t + 65 = 0, -9 = 2*t + 1. Let x = i - 15. List the prime factors of x.
3
Suppose 0 = -11*m + 748 + 2805. List the prime factors of m.
17, 19
Let d(x) = 2*x**2 - 13*x + 6. Let v be d(6). Suppose v = -m + 6*m - 1040. What are the prime factors of m?
2, 13
What are the prime factors of 1/((-3)/(-532)) + 43/(-129)?
3, 59
Let l = -38 - -40. Suppose -3*x - 3*o + 58 + 59 = 0, l = 2*o. List the prime factors of x.
2, 19
Let x = 4395 + -1922. What are the prime factors of x?
2473
Let f = 10 + -2. Let h be -3 - (1 - (f - 0)). Suppose -2*k = 4*n - 78, h*n = -2*k - k + 75. What are the prime factors of n?
3, 7
Suppose 13*r + 1286 = 6512. List the prime factors of r.
2, 3, 67
Let w = 1000 + -422. List the prime factors of w.
2, 17
Let t = 23 - 19. Suppose -29 = -t*n + 91. Let g = n - -5. List the prime factors of g.
5, 7
Let l = -142 - -137. Let j = 39 - l. List the prime factors of j.
2, 11
Let z(h) = -8*h**3 + 2*h**2 + h. Let u(w) = w - 6. Let k be u(5). Let j be z(k). List the prime factors of 24/(3 + j/(-6)).
2
Suppose -125782 = -33*c - 48067. What are the prime factors of c?
3, 5, 157
Suppose -2*b + 0*b = -g + 3, -3*g + 10 = -5*b. List the prime factors of ((-4)/3)/(10/(-3675)*g).
2, 7
Let h = -465 + 272. Let s = h - -365. List the prime factors of s.
2, 43
Let u(n) = -111*n + 19. Let z be u(-11). Suppose 0 = -4*b - 0*b - 3*v + z, 2*b = -5*v + 634. List the prime factors of b.
307
Suppose -l - 18*n + 1411 = -20*n, l = -2*n + 1407. What are the prime factors of l?
1409
Let t = 641 + -346. List the prime factors of t.
5, 59
Let x = 3970 - 181. List the prime factors of x.
3, 421
Suppose 0 = -19*m + 15*m - 20. Let z = -3 - m. Suppose -z*p + 43 + 9 = 0. What are the prime factors of p?
2, 13
Let d(t) = 4*t + 8. Let o be d(-3). List the prime factors of 12*9/(-6)*o/3.
2, 3
Let n(s) = -s**2 + 17*s. Let f be n(14). Suppose -9*c = -6*c - f. What are the prime factors of c?
2, 7
Suppose w = 4*j - 821, 456 = 2*j + w + 47. What are the prime factors of j?
5, 41
Suppose 5*x + 1791 = 391. Let r = -139 - x. List the prime factors of r.
3, 47
Let o be 2/(-2 + 1) + (-1 - 0). What are the prime factors of o - 395/((-15)/3)?
2, 19
Let j = -15 - -20. Suppose -b + 24 = j*b. Suppose 3*z = 4*o + 70, 3*z - z - 40 = -b*o. What are the prime factors of z?
2, 11
Let a(p) = -p**3 - 20*p**2 + 17*p - 26. Suppose 11 = -r - 10. List the prime factors of a(r).
2, 29
Let h = 1396 + -613. List the prime factors of h.
3, 29
Suppose -2*k = -0*k - 5*b - 173, 3*b = 2*k - 171. Suppose -2*n - 384 = -4*i + k, -i - n = -114. What are the prime factors of i?
2, 29
Suppose i - 5*l = -i + 1971, -4*i + 3921 = -3*l. What are the prime factors of i?
2, 3, 163
List the prime factors of -2 - ((-648)/16)/((-2)/(-20)).
13, 31
Let d(p) = 93*p - 67. What are the prime factors of d(9)?
2, 5, 7, 11
Let q(m) = -m**3 - 6*m**2 + 15*m - 7. Let o be q(-8). Let a be 3/(-1) + o*-4. List the prime factors of (-120)/(-70)*a/(-2).
2, 3
Let o(x) = 2*x + 27. Suppose 0 = 3*t - 6 - 30. What are the prime factors of o(t)?
3, 17
Let k = 310 - 57. Let q = 367 - k. What are the prime factors of q?
2, 3, 19
Let b(s) = -2*s**2 + 8*s - 2. Let d be b(6). List the prime factors of 1486/26 + 4/d.
3, 19
Suppose 0 = -y - 3*y + 3*h + 571, 0 = y + h - 141. Let u = -67 + y. List the prime factors of u.
3, 5
Let a(v) = v**2 + 9*v + 25. Let w be a(-5). Suppose -2*m + w*z = -0*z - 440, -4*m - 5*z = -850. List the prime factors of m.
5, 43
Let g be 148/(-111) - 14/3. Suppose -2*t - 11 = -n, -6 = t + 2*t - 5*n. List the prime factors of g/(-21) + (-243)/t.
5, 7
Let p(h) be the third derivative of 1/60*h**5 + 0 + 0*h - 1/24*h**4 - 4*h**2 + 1/6*h**3. List the prime factors of p(-3).
13
Let m(c) = 3*c**3 +